{"id":104,"date":"2015-01-25T20:39:40","date_gmt":"2015-01-25T20:39:40","guid":{"rendered":"http:\/\/svirkala.lt\/?page_id=104"},"modified":"2015-10-12T23:26:35","modified_gmt":"2015-10-12T23:26:35","slug":"svirnelis","status":"publish","type":"page","link":"https:\/\/svirkala.lt\/?page_id=104","title":{"rendered":"Svirnelis"},"content":{"rendered":"<p style=\"text-align: justify;\">\n<p style=\"text-align: justify;\">Svirnelio e\u017eeras yra \u0160ven\u010dioni\u0173 rajone. E\u017eeras patenk\u0105 \u012f saugom\u0105 Asvejos regioninio parko teritorij\u0105 ir yra jos Pietrytiniame kampe, nuo Asvejos e\u017eero nutol\u0119s ma\u017eiau nei 2 km Pietry\u010di\u0173 kryptimi.<\/p>\n<p style=\"text-align: justify;\">Svirnelio e\u017eeras yra ovalo formos, jo plotas siekia vos 1,4 ha, ilgis Piet\u0173 &#8211; \u0160iaur\u0117s kryptimi 150 m, plotis 130 m., pakrant\u0117s ilgis ~500 m. E\u017eeras unikalus savo geologin\u0117mis ir hidrologin\u0117mis savyb\u0117mis. I\u0161 e\u017eero i\u0161teka upelis, kuris u\u017e 150 m \u012fteka \u012f Kampuo\u010dio e\u017eer\u0105 (i\u0161 Kampuo\u010dio i\u0161teka \u012f Lazdinink\u0173 e\u017eer\u0105). Nors e\u017eero plotas labai nedidelis vidutinis e\u017eero gylis siekia 5 m, o maksimalus net 16 m. D\u0117l to e\u017eero dugno gil\u0117jimas yra gana staigus ir beveik visu perimetru 5-10 metr\u0173 nuo kranto atstumu jis siekia 4-6 metrus.<\/p>\n<p style=\"text-align: justify;\">E\u017eero pakrant\u0117s \u017eemos, dr\u0117gnos, pietvakarin\u0117je pus\u0117je pelk\u0117tos, pavasar\u012f virstan\u010dios \u012f vandening\u0105 pelk\u0119. \u0160iaur\u0117s rytinis e\u017eero krantas statesnis, sausas ir sm\u0117l\u0117tas. Tik \u0161ioje e\u017eero pus\u0117je e\u017eero dugnas kietesnis, vietomis sm\u0117l\u0117tas. Visur kitur, visame likusiame e\u017eero krantin\u0117s periode nuo pat kranto dugnas dumbl\u0117tas, su durp\u0117s priemai\u0161a. Ta\u010diau vanduo skaidrus, neturi rausvos spalvos. Atlikti vandens kokyb\u0117s tyrimai parod\u0117, kad jo vanduo ner\u016bg\u0161tus, pavir\u0161iniame sluoksnyje ir priekrant\u0117je gerai prisotintas deguonimi.<\/p>\n<p style=\"text-align: justify;\">R\u016b\u0161in\u0117 \u012fvairov\u0117: lydekos, kuojos, lynai, raud\u0117s, e\u0161eriai, rainuotieji v\u0117\u017eiai.<\/p>\n<p style=\"text-align: justify;\">Remiantis minimaliu \u017euv\u0173 ir v\u0117\u017ei\u0173 \u012fveisimo norm\u0173 s\u0105ra\u0161u (patvirtinu LR \u017eem\u0117s \u016bkio ministro ir LR aplinkos ministro, 2010 m. baland\u017eio 19 d. \u012fsakymu Nr. 3D-354\/D1-303 (aktuali redakcija (2013 m. gegu\u017e\u0117s 24 d. Nr. 3D-379\/D1-390)), bei 2014 m. e\u017eere atlikt\u0173 mokslini\u0173 tyrim\u0173 rezultatais, vykdant limituot\u0105 (licenzin\u0119) \u017evejyb\u0105 e\u017eeras kasmet \u017euvinamas \u012fvairaus am\u017eiaus paaugintais lynais: ma\u017eiausiai 70 vnt. \u012f e\u017eer\u0105.<\/p>\n<p style=\"text-align: justify;\">Svirnelio e\u017eere galima leid\u017eiama tik limituota \u017evejyba pagal nustatytas <a href=\"http:\/\/svirkala.lt\/?page_id=192\">limituotos \u017evejybos s\u0105lygas ir taisykles<\/a>. Atviro vandens sezono metu pagal limituotos \u017evejybos s\u0105lygas me\u0161kerioti leid\u017eiama tik nuo kranto. \u017dvejyba i\u0161 val\u010di\u0173 ir kit\u0173 vandens transporto priemoni\u0173 draud\u017eiama. \u017dvejyba nuo kranto \u012fmanoma beveik visu e\u017eero perimetru nepaisant vienoje pus\u0117je esan\u010dio pelk\u0117to kranto, nuo kurio taip pat puikiai galima \u017evejoti. Draud\u017eiama \u017evejoti nuo ledo nutirpimo iki gegu\u017e\u0117s 1 d.<\/p>\n<p style=\"text-align: justify;\"><a href=\"http:\/\/www.maps.lt\/map\/default.aspx?lang=lt#obj=607099;6094599;Pa%C5%BEym%C4%97tas%20ta%C5%A1kas;&amp;xy=606874,6094273&amp;z=5000&amp;lrs=vector,stops,zebra\" target=\"_blank\">Vieta \u017eem\u0117lapyje<\/a><\/p>\n<p style=\"text-align: justify;\"><a href=\"http:\/\/svirkala.lt\/wp-content\/uploads\/2015\/05\/IMG_0020.jpg\"><img loading=\"lazy\" class=\"alignnone wp-image-252 size-large\" src=\"http:\/\/svirkala.lt\/wp-content\/uploads\/2015\/05\/IMG_0020-1024x339.jpg\" alt=\"IMG_0020\" width=\"604\" height=\"200\" srcset=\"https:\/\/svirkala.lt\/wp-content\/uploads\/2015\/05\/IMG_0020-1024x339.jpg 1024w, https:\/\/svirkala.lt\/wp-content\/uploads\/2015\/05\/IMG_0020-300x99.jpg 300w\" sizes=\"(max-width: 604px) 100vw, 604px\" \/><\/a><\/p>\n","protected":false},"excerpt":{"rendered":"<p>Svirnelio e\u017eeras yra \u0160ven\u010dioni\u0173 rajone. E\u017eeras patenk\u0105 \u012f saugom\u0105 Asvejos regioninio parko teritorij\u0105 ir yra jos Pietrytiniame kampe, nuo Asvejos e\u017eero nutol\u0119s ma\u017eiau nei 2 km Pietry\u010di\u0173 kryptimi. Svirnelio e\u017eeras yra ovalo formos, jo plotas siekia vos 1,4 ha, ilgis Piet\u0173 &#8211; \u0160iaur\u0117s kryptimi 150 m, plotis 130 m., pakrant\u0117s ilgis ~500 m. E\u017eeras unikalus &hellip; <a href=\"https:\/\/svirkala.lt\/?page_id=104\" class=\"more-link\">Toliau skaityti <span class=\"screen-reader-text\">Svirnelis<\/span> <span class=\"meta-nav\">&rarr;<\/span><\/a><\/p>\n","protected":false},"author":1,"featured_media":175,"parent":102,"menu_order":0,"comment_status":"closed","ping_status":"closed","template":"","meta":[],"_links":{"self":[{"href":"https:\/\/svirkala.lt\/index.php?rest_route=\/wp\/v2\/pages\/104"}],"collection":[{"href":"https:\/\/svirkala.lt\/index.php?rest_route=\/wp\/v2\/pages"}],"about":[{"href":"https:\/\/svirkala.lt\/index.php?rest_route=\/wp\/v2\/types\/page"}],"author":[{"embeddable":true,"href":"https:\/\/svirkala.lt\/index.php?rest_route=\/wp\/v2\/users\/1"}],"replies":[{"embeddable":true,"href":"https:\/\/svirkala.lt\/index.php?rest_route=%2Fwp%2Fv2%2Fcomments&post=104"}],"version-history":[{"count":18,"href":"https:\/\/svirkala.lt\/index.php?rest_route=\/wp\/v2\/pages\/104\/revisions"}],"predecessor-version":[{"id":289,"href":"https:\/\/svirkala.lt\/index.php?rest_route=\/wp\/v2\/pages\/104\/revisions\/289"}],"up":[{"embeddable":true,"href":"https:\/\/svirkala.lt\/index.php?rest_route=\/wp\/v2\/pages\/102"}],"wp:featuredmedia":[{"embeddable":true,"href":"https:\/\/svirkala.lt\/index.php?rest_route=\/wp\/v2\/media\/175"}],"wp:attachment":[{"href":"https:\/\/svirkala.lt\/index.php?rest_route=%2Fwp%2Fv2%2Fmedia&parent=104"}],"curies":[{"name":"wp","href":"https:\/\/api.w.org\/{rel}","templated":true}]}}