{"id":110,"date":"2015-02-04T16:14:48","date_gmt":"2015-02-04T16:14:48","guid":{"rendered":"http:\/\/svirkala.lt\/?page_id=110"},"modified":"2015-02-06T08:57:11","modified_gmt":"2015-02-06T08:57:11","slug":"taisykles","status":"publish","type":"page","link":"https:\/\/svirkala.lt\/?page_id=110","title":{"rendered":"Pagrindin\u0117s taisykl\u0117s"},"content":{"rendered":"<p style=\"text-align: justify;\">\u017dvejai m\u0117g\u0117jai ir kiti asmenys, kurie lankosi prie \u017dvej\u0173 klubo &#8222;Svirkala&#8221; pri\u017ei\u016brim\u0173 e\u017eer\u0173, privalo laikytis Lietuvos Respublikos \u012fstatym\u0173 ir taisykli\u0173 reglamentuojan\u010di\u0173 lankym\u0105s\u012f gamtoje, m\u0117g\u0117j\u0173 \u017evejyb\u0105, atliek\u0173 tvarkym\u0105 ir kit\u0105 susijusi\u0105 veikl\u0105. Pagrindiniai teis\u0117s aktai:<\/p>\n<h6 style=\"text-align: justify;\"><a href=\"http:\/\/www.am.lt\/VI\/files\/File\/MT%20suvestine%20redakcija2.docx\" target=\"_blank\">M\u0116G\u0116J\u0172 \u017dVEJYBOS VIDAUS VANDENYSE TAISYKL\u0116S<\/a><\/h6>\n<h6><a href=\"http:\/\/svirkala.lt\/?page_id=192\">LIMITUOTOS \u017dVEYBOS S\u0104LYGOS SVIRNELIO E\u017dERE<\/a><\/h6>\n<h6 style=\"text-align: justify;\"><a href=\"http:\/\/www3.lrs.lt\/pls\/inter3\/dokpaieska.showdoc_l?p_id=464133\" target=\"_blank\">LIETUVOS RESPUBLIKOS SAUGOM\u0172 TERITORIJ\u0172 \u012eSTATYMAS<\/a><\/h6>\n<h6><a href=\"http:\/\/asvejosparkas.lt\/?page_id=1021\" target=\"_blank\">ASVEJOS REGIONINIO PARKO TERITORIJOJE VYKDOM\u0104 VEIKL\u0104 REGLAMENTUOJANTYS TEIS\u0116S AKTAI<\/a><\/h6>\n<h6><a href=\"http:\/\/195.182.85.21\/webPartner\/subsystems\/web\/doc.php?itemID=17766\" target=\"_blank\">\u0160VEN\u010cIONI\u0172\u00a0RAJONO\u00a0SAVIVALDYB\u0116S\u00a0ATLIEK\u0172\u00a0TVARKYMO\u00a0TAISYKL\u0116S<\/a><\/h6>\n<h6><a href=\"http:\/\/www3.lrs.lt\/pls\/inter3\/dokpaieska.showdoc_l?p_id=493978\" target=\"_blank\">LIETUVOS RESPUBLIKOS\u00a0ADMINISTRACINI\u0172 TEIS\u0116S PA\u017dEIDIM\u0172 KODEKSAS<\/a><\/h6>\n<h6 style=\"text-align: justify;\"><span style=\"text-decoration: underline;\">\u012estatym\u0173 ir taisykli\u0173 apibendrinimas:<\/span><\/h6>\n<p style=\"text-align: justify;\">\u012esigij\u0119 <a href=\"http:\/\/svirkala.lt\/?page_id=79\">privalomus leidimus<\/a> m\u0117g\u0117j\u0173 \u017evejybai <a href=\"http:\/\/svirkala.lt\/?page_id=106\">Kampuo\u010dio<\/a>\u00a0 ir <a href=\"http:\/\/svirkala.lt\/?page_id=108\">Lazdinink\u0173<\/a> e\u017eeruose, kuriuose neorganizuota limituota \u017evejyba, \u017evejojantys asmenys privalo laikytis m\u0117g\u0117j\u0173 vidaus vandenyse taisykli\u0173.\u00a0<a href=\"http:\/\/svirkala.lt\/?page_id=104\">Svirnelio<\/a> e\u017eere leid\u017eiama tik limituota \u017evejyba pagal <a href=\"http:\/\/svirkala.lt\/?page_id=192\">nustatytas s\u0105lygas<\/a> ir \u012fsigijus <a href=\"http:\/\/svirkala.lt\/?page_id=79\">atitinkam\u0105 leidim\u0105<\/a>. Klubas propaguoja pagavai-paleisk \u017evejybos b\u016bd\u0105 ir skatina visus lankytojus ne tik laikytis oficiali\u0173 taisykli\u0173 ir s\u0105lyg\u0173, bet ir neimti daugiau \u017euvies negu u\u017etenka pavalgyti dviems asmenims vienam kartui.<\/p>\n<p style=\"text-align: justify;\">M\u0117g\u0117j\u0173 \u017evejybos taisykl\u0117s paskutiniu metu keit\u0117si ne vien\u0105 kart\u0105, bet tikime, kad \u017evejai moka skaityti ir elgtis atitinkamai. Da\u017eniausiai pasitaikantys kit\u0173 teis\u0117s akt\u0173 pa\u017eeidimai: lau\u017e\u0173 k\u016brenimas tam neskirtose vietose, automobili\u0173 statymas ar\u010diau kaip 25 metrai nuo vandens telkinio kranto, teritorijoje paliekamos \u012fvairios nepavojingos ar\u00a0pavojingos atliekos. Klubo e\u017eerai patenka \u012f koncervacinio prioriteto zon\u0105, tod\u0117l n\u0117 vieno i\u0161 e\u017eer\u0173 pakrant\u0117se negalima \u012frengti lau\u017eavie\u010di\u0173 ir stovyklavie\u010di\u0173, tod\u0117l ir lau\u017e\u0173 k\u016brenti negalima. Netoliese yra nema\u017eai e\u017eer\u0173, patenkan\u010di\u0173 \u012f rekreacin\u0119 zon\u0105, kur draudimo stovyklauti ir k\u016brenti lau\u017eus n\u0117ra, kaip pavyzd\u017eiui netoliese esantis Baltelio e\u017eeras.<\/p>\n<p style=\"text-align: justify;\">Klubas apie bet kokius pa\u017eeidimus visada prane\u0161a institucijoms, pagal kompetencij\u0105 atsakingoms u\u017e skirting\u0173 pa\u017eeidim\u0173 nustatym\u0105, nagrin\u0117jim\u0105 ir baud\u0173 skyrim\u0105. Baudos u\u017e \u012fvairius pa\u017eeidimus siekia nuo de\u0161im\u010di\u0173 iki keli\u0173 \u0161imt\u0173 eur\u0173. Klubas grie\u017etai netoleruoja aplinkos ter\u0161imo atliekomis ir primygtinai pra\u0161o visus lankytojus prie e\u017eer\u0173 nepalikti nieko. Klubo nariai e\u017eerus lanko\u00a0da\u017enai ir j\u0173 b\u016bk\u0119 fiksuojama vaizdin\u0117mis priemon\u0117mis kiekvien\u0105 kart\u0105. Apie neatsakingai besielgian\u010dius ir piktybi\u0161kai paliekan\u010dius atliekas visada prane\u0161ame pareig\u016bnams. Baudos u\u017e aplinkos ter\u0161im\u0105 priklausomai nuo atliek\u0173 kiekio ir pob\u016bd\u017eio galis siekti ne vien\u0105 \u0161imt\u0105, kartais ir t\u016bkstant\u012f eur\u0173.\u00a0Pa\u017eeidimus fiksuojame \u0161iuolaikin\u0117mis priemon\u0117mis ir pateikiame atsakingoms institucijoms su visa \u012frodan\u010dia med\u017eiaga. Faktai kalba u\u017e save &#8211;\u00a0 buvo\u00a0nenustebusi\u0173, kad\u00a0niekas neatva\u017eiavo &#8222;sura\u0161yti protokolo&#8221;, o sprendim\u0105 susimok\u0117ti baud\u0105 gavo. Tuo atveju\u00a0pa\u017eeid\u0117jams\u00a0atrod\u0117, kad i\u0161va\u017eiuojant i\u0161 mi\u0161ko i\u0161kraustyti vis\u0105 \u0161lam\u0161t\u0105\u00a0i\u0161 automobilio yra norma ir, kad niekas nemato.<\/p>\n<p style=\"text-align: justify;\">Vis\u0173 lankytoj\u0173 ir me\u0161keriotoj\u0173 pra\u0161ome neb\u016bti abejingais ir apie pa\u017eeidimus prane\u0161ti atsakingoms institucijoms bei\u00a0\u017dvej\u0173 klubui &#8222;Svirkala&#8221; norodytais <a href=\"http:\/\/svirkala.lt\/?page_id=50\">kontaktais<\/a>.<\/p>\n","protected":false},"excerpt":{"rendered":"<p>\u017dvejai m\u0117g\u0117jai ir kiti asmenys, kurie lankosi prie \u017dvej\u0173 klubo &#8222;Svirkala&#8221; pri\u017ei\u016brim\u0173 e\u017eer\u0173, privalo laikytis Lietuvos Respublikos \u012fstatym\u0173 ir taisykli\u0173 reglamentuojan\u010di\u0173 lankym\u0105s\u012f gamtoje, m\u0117g\u0117j\u0173 \u017evejyb\u0105, atliek\u0173 tvarkym\u0105 ir kit\u0105 susijusi\u0105 veikl\u0105. Pagrindiniai teis\u0117s aktai: M\u0116G\u0116J\u0172 \u017dVEJYBOS VIDAUS VANDENYSE TAISYKL\u0116S LIMITUOTOS \u017dVEYBOS S\u0104LYGOS SVIRNELIO E\u017dERE LIETUVOS RESPUBLIKOS SAUGOM\u0172 TERITORIJ\u0172 \u012eSTATYMAS ASVEJOS REGIONINIO PARKO TERITORIJOJE VYKDOM\u0104 VEIKL\u0104 &hellip; <a href=\"https:\/\/svirkala.lt\/?page_id=110\" class=\"more-link\">Toliau skaityti <span class=\"screen-reader-text\">Pagrindin\u0117s taisykl\u0117s<\/span> <span class=\"meta-nav\">&rarr;<\/span><\/a><\/p>\n","protected":false},"author":1,"featured_media":0,"parent":200,"menu_order":0,"comment_status":"closed","ping_status":"closed","template":"","meta":[],"_links":{"self":[{"href":"https:\/\/svirkala.lt\/index.php?rest_route=\/wp\/v2\/pages\/110"}],"collection":[{"href":"https:\/\/svirkala.lt\/index.php?rest_route=\/wp\/v2\/pages"}],"about":[{"href":"https:\/\/svirkala.lt\/index.php?rest_route=\/wp\/v2\/types\/page"}],"author":[{"embeddable":true,"href":"https:\/\/svirkala.lt\/index.php?rest_route=\/wp\/v2\/users\/1"}],"replies":[{"embeddable":true,"href":"https:\/\/svirkala.lt\/index.php?rest_route=%2Fwp%2Fv2%2Fcomments&post=110"}],"version-history":[{"count":21,"href":"https:\/\/svirkala.lt\/index.php?rest_route=\/wp\/v2\/pages\/110\/revisions"}],"predecessor-version":[{"id":211,"href":"https:\/\/svirkala.lt\/index.php?rest_route=\/wp\/v2\/pages\/110\/revisions\/211"}],"up":[{"embeddable":true,"href":"https:\/\/svirkala.lt\/index.php?rest_route=\/wp\/v2\/pages\/200"}],"wp:attachment":[{"href":"https:\/\/svirkala.lt\/index.php?rest_route=%2Fwp%2Fv2%2Fmedia&parent=110"}],"curies":[{"name":"wp","href":"https:\/\/api.w.org\/{rel}","templated":true}]}}