{"id":162,"date":"2015-05-01T17:26:12","date_gmt":"2015-05-01T17:26:12","guid":{"rendered":"http:\/\/svirkala.lt\/?page_id=162"},"modified":"2018-12-14T13:08:26","modified_gmt":"2018-12-14T13:08:26","slug":"naryste-klube","status":"publish","type":"page","link":"https:\/\/svirkala.lt\/?page_id=162","title":{"rendered":"Naryst\u0117 klube"},"content":{"rendered":"<p style=\"text-align: justify;\">Norintys prisid\u0117ti prie \u017dvej\u0173 klubo &#8222;Svirkala&#8221; veiklos ir tapti klubo nariais, kreipkit\u0117s nurodytais <a href=\"http:\/\/svirkala.lt\/?page_id=50\">kontaktais<\/a>. Asmeni\u0161kai suteiksime detali\u0105 informacij\u0105 apie naryst\u0117s naudas ir pareigas.<\/p>\n","protected":false},"excerpt":{"rendered":"<p>Norintys prisid\u0117ti prie \u017dvej\u0173 klubo &#8222;Svirkala&#8221; veiklos ir tapti klubo nariais, kreipkit\u0117s nurodytais kontaktais. Asmeni\u0161kai suteiksime detali\u0105 informacij\u0105 apie naryst\u0117s naudas ir pareigas.<\/p>\n","protected":false},"author":1,"featured_media":0,"parent":89,"menu_order":0,"comment_status":"closed","ping_status":"closed","template":"","meta":[],"_links":{"self":[{"href":"https:\/\/svirkala.lt\/index.php?rest_route=\/wp\/v2\/pages\/162"}],"collection":[{"href":"https:\/\/svirkala.lt\/index.php?rest_route=\/wp\/v2\/pages"}],"about":[{"href":"https:\/\/svirkala.lt\/index.php?rest_route=\/wp\/v2\/types\/page"}],"author":[{"embeddable":true,"href":"https:\/\/svirkala.lt\/index.php?rest_route=\/wp\/v2\/users\/1"}],"replies":[{"embeddable":true,"href":"https:\/\/svirkala.lt\/index.php?rest_route=%2Fwp%2Fv2%2Fcomments&post=162"}],"version-history":[{"count":2,"href":"https:\/\/svirkala.lt\/index.php?rest_route=\/wp\/v2\/pages\/162\/revisions"}],"predecessor-version":[{"id":223,"href":"https:\/\/svirkala.lt\/index.php?rest_route=\/wp\/v2\/pages\/162\/revisions\/223"}],"up":[{"embeddable":true,"href":"https:\/\/svirkala.lt\/index.php?rest_route=\/wp\/v2\/pages\/89"}],"wp:attachment":[{"href":"https:\/\/svirkala.lt\/index.php?rest_route=%2Fwp%2Fv2%2Fmedia&parent=162"}],"curies":[{"name":"wp","href":"https:\/\/api.w.org\/{rel}","templated":true}]}}