{"id":93,"date":"2015-01-24T00:02:20","date_gmt":"2015-01-24T00:02:20","guid":{"rendered":"http:\/\/svirkala.lt\/?page_id=93"},"modified":"2019-11-25T09:48:52","modified_gmt":"2019-11-25T09:48:52","slug":"izuvinimas","status":"publish","type":"page","link":"https:\/\/svirkala.lt\/?page_id=93","title":{"rendered":"\u012e\u017euvinimas"},"content":{"rendered":"<p style=\"text-align: justify;\">\u017dvej\u0173 klubas &#8222;Svirkala&#8221; visus pri\u017ei\u016brimus e\u017eerus kasmet \u017euvina pagal kiekvienam vandens telkiniui nustatytus \u017euv\u0173 i\u0161tekli\u0173 naudojimo, atk\u016brimo ir apsaugos priemoni\u0173 planus. Svirnelio e\u017eeras, kuriame nustatyta limituota lyn\u0173 \u017evejyba kiekvienais metais \u017euvinamas ma\u017eiausiai 70 vienetais \u012fvairaus am\u017eiaus lyn\u0173. Kampuo\u010dio ir Lazdinink\u0173 e\u017eerai kasmet \u017euvinami \u0161iumet\u0117mis lydekomis &#8211; po 20 ir 3 vienetus atitinkamai. Klubas,\u00a0remdamasis klubo u\u017esakymu atliktais moksliniais tyrimais, klub\u0105 konsultuojan\u010di\u0173 ichtiolog\u0173 patarimais bei suderin\u0119s su Aplinkos ministerija, visus pri\u017ei\u016brimus e\u017eerus \u017euvina papildomai. Kiekvieno \u012f\u017euvinimo detali informacija pateikiama pagal \u012f\u017euvinimo datas:<\/p>\n<h6 style=\"text-align: justify;\"><\/h6>\n<h6 style=\"text-align: justify;\">\u00a0<a href=\"http:\/\/svirkala.lt\/?page_id=411\">2019-04-04<\/a><\/h6>\n<h6 style=\"text-align: justify;\">\u00a0<a href=\"http:\/\/svirkala.lt\/?page_id=368\">2018-10-17<\/a>\u00a0|\u00a0<a href=\"http:\/\/svirkala.lt\/?page_id=321\">2017-04-26<\/a>\u00a0|\u00a0<a href=\"http:\/\/svirkala.lt\/?page_id=309\">2016-04-07<\/a>\u00a0|\u00a0<a href=\"http:\/\/svirkala.lt\/?page_id=230\">2015-04-16<\/a> | <a href=\"http:\/\/svirkala.lt\/?page_id=242\">2014-10-22<\/a> |<\/h6>\n<h6 style=\"text-align: justify;\"><\/h6>\n","protected":false},"excerpt":{"rendered":"<p>\u017dvej\u0173 klubas &#8222;Svirkala&#8221; visus pri\u017ei\u016brimus e\u017eerus kasmet \u017euvina pagal kiekvienam vandens telkiniui nustatytus \u017euv\u0173 i\u0161tekli\u0173 naudojimo, atk\u016brimo ir apsaugos priemoni\u0173 planus. Svirnelio e\u017eeras, kuriame nustatyta limituota lyn\u0173 \u017evejyba kiekvienais metais \u017euvinamas ma\u017eiausiai 70 vienetais \u012fvairaus am\u017eiaus lyn\u0173. Kampuo\u010dio ir Lazdinink\u0173 e\u017eerai kasmet \u017euvinami \u0161iumet\u0117mis lydekomis &#8211; po 20 ir 3 vienetus atitinkamai. Klubas,\u00a0remdamasis klubo u\u017esakymu &hellip; <a href=\"https:\/\/svirkala.lt\/?page_id=93\" class=\"more-link\">Toliau skaityti <span class=\"screen-reader-text\">\u012e\u017euvinimas<\/span> <span class=\"meta-nav\">&rarr;<\/span><\/a><\/p>\n","protected":false},"author":1,"featured_media":0,"parent":89,"menu_order":0,"comment_status":"closed","ping_status":"closed","template":"","meta":[],"_links":{"self":[{"href":"https:\/\/svirkala.lt\/index.php?rest_route=\/wp\/v2\/pages\/93"}],"collection":[{"href":"https:\/\/svirkala.lt\/index.php?rest_route=\/wp\/v2\/pages"}],"about":[{"href":"https:\/\/svirkala.lt\/index.php?rest_route=\/wp\/v2\/types\/page"}],"author":[{"embeddable":true,"href":"https:\/\/svirkala.lt\/index.php?rest_route=\/wp\/v2\/users\/1"}],"replies":[{"embeddable":true,"href":"https:\/\/svirkala.lt\/index.php?rest_route=%2Fwp%2Fv2%2Fcomments&post=93"}],"version-history":[{"count":12,"href":"https:\/\/svirkala.lt\/index.php?rest_route=\/wp\/v2\/pages\/93\/revisions"}],"predecessor-version":[{"id":421,"href":"https:\/\/svirkala.lt\/index.php?rest_route=\/wp\/v2\/pages\/93\/revisions\/421"}],"up":[{"embeddable":true,"href":"https:\/\/svirkala.lt\/index.php?rest_route=\/wp\/v2\/pages\/89"}],"wp:attachment":[{"href":"https:\/\/svirkala.lt\/index.php?rest_route=%2Fwp%2Fv2%2Fmedia&parent=93"}],"curies":[{"name":"wp","href":"https:\/\/api.w.org\/{rel}","templated":true}]}}